e 4*y - 79 = 721. Calculate the greatest common divisor of 180 and y.
20
Suppose -76 = -5*w + 2*s + 48, -5*w - 4*s + 112 = 0. What is the highest common factor of 150 and w?
6
Suppose 12*z - 268 = -76. Calculate the greatest common factor of 8 and z.
8
Let y(t) = t**3 + 6*t**2 - 24*t - 47. Let d be y(-8). Calculate the greatest common factor of d and 68.
17
Suppose -5*i - 2*u - 300 = -2437, -6*i + 3*u = -2586. What is the greatest common divisor of i and 13?
13
Let t = 7 + 98. Let g be (18/(-30))/((-2)/90). Let y = g + 15. Calculate the highest common factor of t and y.
21
Let u = 100 + -95. Calculate the highest common factor of u and 10.
5
Suppose -28 = 6*f + 62. Let j = 5 - 8. Let v = j - f. What is the greatest common factor of v and 96?
12
Let j = -430 + 300. Let i = j + 148. Calculate the highest common divisor of i and 99.
9
Let w(s) = 2*s**2 - 8*s + 6. Let c be w(6). Let o = -2823 - -2898. What is the greatest common divisor of c and o?
15
Let r(g) = g**3 - 5*g**2 + 14. Suppose -5*n - 33 = -4*l - 2*n, -3*l + 4*n = -30. Let k be r(l). What is the greatest common divisor of 10 and k?
10
Suppose 6*s + 2*m = 2*s + 46, -s = -3*m + 6. What is the highest common divisor of s and 657?
9
Suppose 2 + 12 = -x. Let v = 17 + x. Let y = 6 - v. What is the highest common divisor of y and 3?
3
Let b(m) = -2*m - 17. Let c(y) = -5*y. Let t be c(2). Let n be b(t). Suppose -n*v + 6*v = -3*x + 6, 3*x = -3. What is the highest common factor of v and 1?
1
Let s be (1 + 2)/(3/(-6)). Let d be 80/(-6)*(s + 3). Calculate the highest common divisor of d and 8.
8
Suppose -2*o + 81 = 4*c - 181, 0 = 2*o - 10. What is the greatest common divisor of c and 441?
63
Let i(j) = 65*j + 3. Let u be i(1). Let f = -69 + 103. What is the greatest common factor of f and u?
34
Suppose 1 = i + k - 120, 238 = 2*i - 2*k. What is the greatest common divisor of 200 and i?
40
Let g = 21 - -35. Let o be ((-8)/(-12))/(6*(-1)/(-126)). What is the highest common divisor of g and o?
14
Suppose 8*a + 10*a - 108 = 0. What is the highest common divisor of 210 and a?
6
Suppose -101*i + 98*i = -357. What is the highest common divisor of i and 68?
17
Suppose -u + 46 = -64. Let n(x) = 179*x - 2675. Let t be n(15). Calculate the greatest common divisor of u and t.
10
Let t = -17 + 21. Let h be (-119)/(-14) + (-2)/t. Calculate the highest common divisor of 88 and h.
8
Suppose -5*d = -4*w + 1117, 9*d + 531 = 2*w + 12*d. Calculate the greatest common factor of w and 78.
39
Let j(n) be the second derivative of n**4/6 + 5*n**3/3 + n**2 - 9*n. Let o be j(-7). Calculate the greatest common divisor of 75 and o.
15
Let o = -46 - -52. Suppose -1300 = o*r - 11*r. Calculate the greatest common divisor of r and 20.
20
Let f(y) = y**2 - y - 1. Let r be f(2). Let n(t) = t**3 + 3*t**2 - 5*t - 3. Let s be n(-4). Calculate the highest common divisor of r and s.
1
Let j be ((-19)/(-4))/(1/76). Suppose -31 = -8*b + j. Suppose -3*r - w = -238, w = 5*r - 451 + b. Calculate the highest common divisor of 32 and r.
16
Let b(f) = 2*f + 22. Let p be b(-9). Suppose p*h + 6*h = 400. Calculate the highest common divisor of 8 and h.
8
Let r(w) = w**2 + 11*w - 41. Let f be r(5). What is the greatest common divisor of 195 and f?
39
Let a = -50 - -56. Let j be (a/8)/3*44*1. Suppose 4*k - 2 = 6, 3*f - k - 130 = 0. What is the highest common divisor of j and f?
11
Let p = 15 - 7. Let i be ((-4)/p)/((-1)/2). Let l be 4/((-4)/(-11))*i. Calculate the highest common factor of l and 22.
11
Let v(t) be the first derivative of t**2/2 + 20*t - 9. Let h be v(-8). Suppose -13*o - h = -17*o. What is the highest common divisor of 2 and o?
1
Let l(n) = -n**3 - 9*n**2 - 2*n + 216. Let m be l(0). Calculate the greatest common divisor of m and 189.
27
Let r(s) = 4*s**2 - 136*s + 13. Let p be r(34). What is the greatest common factor of 299 and p?
13
Suppose -3*b - 4*v + 215 = 0, b - 109 + 35 = v. Suppose -4*q + b = -23. Suppose 4 = c - q. Calculate the greatest common divisor of 14 and c.
14
Let m = -31 - -34. Let q be (-5)/((-5)/m) - (-17 + 1). What is the greatest common factor of 19 and q?
19
Suppose 4*g = -5*m + 144, -3*m + 2*m = 5*g - 33. What is the highest common factor of m and 12?
4
Suppose -3*y - 7 + 4 = 0, 4*h = 2*y + 174. Calculate the greatest common divisor of 43 and h.
43
Let v = -18 - -20. Suppose -3*x + 34 = 2*d, -2*d + 2*x = v*d - 68. Calculate the greatest common divisor of 17 and d.
17
Let u = 1035 + -879. What is the highest common divisor of 416 and u?
52
Let f = 25 - 27. Let g(r) = 10*r**2 + 2*r - 2. Let p be g(f). Let d = p + -22. Calculate the highest common factor of d and 84.
12
Let g = 30 + -31. Let v be 0/2*g/2. Suppose 3*j = v, -7*j - 88 = -d - 2*j. What is the highest common factor of d and 11?
11
Let c(l) = 3*l. Let f be c(5). Let w(k) = 53*k**2 - k - 2. Let r be w(-1). Let x = -47 + r. What is the greatest common factor of f and x?
5
Suppose -424 = -0*x + 4*x. Let o be x/(-5) - (-9)/(-45). Let w(f) = -f + 14. Let g be w(0). Calculate the greatest common factor of g and o.
7
Suppose -14 = -3*n - 17, 0 = -2*g - n + 185. Calculate the greatest common divisor of g and 3.
3
Let a = -20 + 24. Suppose 0 = a*m + 9 - 65. Let i be (-4)/6 + 16/6. What is the highest common divisor of i and m?
2
Suppose 0*k = -3*k - f + 285, -99 = -k + f. Calculate the highest common divisor of 24 and k.
24
Let y(v) = 5*v + 134. Let q be y(-16). Calculate the greatest common factor of 117 and q.
9
Suppose -6*d + 8*d + 8 = 0. Let f be 10 + (-1 - (d + 5)). What is the greatest common factor of f and 8?
8
Let t(f) = -23*f + 1. Let r be t(-1). Let g(u) = 10 - 2 + 78*u - 82*u. Let z be g(0). What is the greatest common divisor of r and z?
8
Let h = -63 - -166. Suppose 2*s - 2*r = 40, -r + 17 - h = -4*s. What is the highest common factor of 33 and s?
11
Suppose 5*b - 116 = 3*f - 16, 20 = -4*f. Calculate the greatest common divisor of 17 and b.
17
Let p be (-34 - -33)*(2 + -466). Calculate the greatest common divisor of 29 and p.
29
Suppose -3*q + 5*i = -45 - 25, -2*q = 5*i - 30. Suppose g + q + 4 = 3*l, 0 = 5*l + g - 48. Calculate the greatest common divisor of 81 and l.
9
Let v be -2 - (-13)/((-13)/162). Let s be (-6)/(-18) + 821/3. Let d = s + v. Calculate the highest common factor of d and 10.
10
Suppose o - 17 = -2*k, k - 5*o + 27 = 8. Suppose 4*h - 2*g + 0*g - 14 = 0, -k = 3*h + 4*g. What is the highest common divisor of h and 10?
2
Let t(s) = s**3 + 5*s**2 + 4*s + 2. Let f be t(-4). Let r be f*12*14/8. Let l be 56/10 + 2/5. Calculate the highest common divisor of l and r.
6
Suppose 152*q = 150*q + 20. Calculate the highest common factor of q and 4.
2
Suppose 12*c - 2204 = 1576. What is the highest common divisor of c and 63?
63
Let s = -16 - -30. Let y be (16/2)/(7/s). What is the highest common divisor of y and 24?
8
Let t be 61580/100 - (-4)/20. What is the greatest common factor of t and 168?
56
Let x(w) = -w - 410. Let g be x(0). Let y be g/(-14) - (-8)/(-28). Let u = 48 - y. What is the greatest common divisor of 76 and u?
19
Let t be (2*-1)/(8/(-16)). Suppose 5*k + 73 = -202. Let a = k - -87. Calculate the greatest common factor of t and a.
4
Let f be (5 - 3)/(2/16). Suppose 0*l = l - f. Calculate the greatest common factor of 64 and l.
16
Suppose -217 = 131*w - 132*w. What is the highest common factor of w and 7?
7
Let m = 55 - 188. Let g = m + 331. Let q be 20/(-15)*81/(-6). What is the greatest common divisor of q and g?
18
Let t(c) = 12*c**2 - c + 8. Let q be t(4). Calculate the highest common factor of 147 and q.
49
Suppose -7 = i - 2*i. Suppose -3*b - 258 = -3*q, i*q - 11*q + 3*b = -343. Calculate the greatest common factor of 17 and q.
17
Suppose 3*r - r = 36. Suppose 5*h + 3*v - 117 = 0, 0 = 2*h + 5*v - 12 - 31. Let x be 2/12 + 212/h. What is the greatest common factor of r and x?
9
Let k(q) = q**3 + 17*q**2 + 17*q + 26. Let a be k(-16). Let w = a - -50. Let d be (0 - 3)*(-20)/3. What is the greatest common divisor of w and d?
20
Suppose 5*g - 300 = -25. Calculate the greatest common divisor of 5 and g.
5
Let v(h) = 8*h**2 - 11*h + 5. Let u be v(5). Let s = 216 - u. Suppose 18 = a - 26. Calculate the greatest common factor of s and a.
22
Let v = 648 + -604. What is the greatest common factor of 1012 and v?
44
Let l = 2 - -13.